me factors of f(k).
2, 5, 11
Suppose -l = -w - 2*l - 3, 2*w + l + 2 = 0. What are the prime factors of 563 + 10 + (1 - (w - 0))?
3, 191
Let q(o) be the second derivative of 209*o**4/4 - 3*o**2/2 + 2*o - 63. What are the prime factors of q(-1)?
2, 3, 13
Suppose 0 = 3*x + 3*r - 12, -5*x + x = -3*r - 9. Suppose -1716 = -3*y + 2*f + 3*f, -2*y = -x*f - 1144. What are the prime factors of y?
2, 11, 13
Let i(w) = -w**2 - 8*w - 8. Let z be i(-7). Let j be z/(-2)*-18 + 4. What are the prime factors of (58 + j)/(5 - 4)?
53
Let w be (-3)/(-6)*(-14 - -14). Suppose 3*h - 4422 - 752 = 5*p, -5*p - 5 = w. List the prime factors of h.
1723
Suppose 14 = -12*o + 86. Let z(w) = 2*w**3 - 5*w**2 - 13*w + 15. What are the prime factors of z(o)?
3, 7
Suppose -5*v + 60*w + 24438 = 62*w, 2*v - 9792 = 2*w. What are the prime factors of v?
2, 3, 5, 163
Let i = -9 + 105. Suppose -i*t + 2223 = -93*t. List the prime factors of t.
3, 13, 19
Suppose -1426*k = -2*q - 1430*k + 39430, -3*q - 2*k = -59149. List the prime factors of q.
19717
Let f be 10 - (1 - 3) - (3 - 0). Suppose 14 - 77 = f*j. List the prime factors of (j/21 + 1/(-6))*-200.
2, 5
Suppose 5*v + 3033 = 26793. Suppose 0 = 35*p - 24*p - v. List the prime factors of p.
2, 3
Let d be (28/(-5))/((-37)/185). Suppose 0 = d*x - 24104 - 4512. List the prime factors of x.
2, 7, 73
Let a(o) = -3924*o + 797. What are the prime factors of a(-3)?
12569
Let v(a) = 2*a**3 - 5*a**2 - 12*a + 19. Let n be 5/15*3 + 6. What are the prime factors of v(n)?
2, 47
Suppose -2*c + 18418 = 4*z - 3418, -2*z - 32698 = -3*c. What are the prime factors of c?
2, 29, 47
Let r be -18*1/(-8)*716. Suppose -4*p + r = -201. List the prime factors of p.
3, 151
Suppose 4*j - 44 = 4*q, -4*j + 2 = 2*q + 18. Let h(i) be the first derivative of -2*i**2 + 43*i + 2. List the prime factors of h(q).
83
What are the prime factors of 20/(-5*(-974)/11298 + 63/(-147))?
2, 3, 5, 269
Suppose 49*x = 33*x. Let u(g) = 2*g**3 - g**2 + 2*g + 3. Let h be u(3). Suppose x*q + h = 2*q. What are the prime factors of q?
3
Let q(m) = m**3 - 58*m**2 + 175*m + 72. What are the prime factors of q(55)?
2, 311
List the prime factors of ((-28)/((-364)/(-195)))/(4/(-3012)).
3, 5, 251
Let u = 33 + -30. Suppose s - 13 = 5*b, 1 = u*b - 5*s - 0. List the prime factors of (-2)/(-2) - -76 - b.
2, 5
List the prime factors of 1/7 - (-391586)/910*25.
2, 3, 11, 163
Suppose 143*f - 1356765 = 56*f. List the prime factors of f.
5, 3119
Suppose 292983 = 44*x + 1879. What are the prime factors of x?
2, 827
Let d(z) = -4*z - 18*z**3 + 412 + 29*z**3 - 27 - z**2 - 12*z**3. List the prime factors of d(0).
5, 7, 11
List the prime factors of (-156710)/(-8) - 700/(-800)*6/(-7).
2, 59, 83
List the prime factors of (4 - 2254/21)*(-1044)/5.
2, 3, 29, 31
Let j = -62 - -64. Let c be (24/(-6))/(1/j). Let u(y) = -y**3 - 6*y**2 - 2*y - 10. List the prime factors of u(c).
2, 67
Suppose -20*l = -64*l + 794640. List the prime factors of l.
2, 3, 5, 7, 43
Let q = 106 - 80. Suppose 1353 = -q*j + 10349. List the prime factors of j.
2, 173
Let u(i) = -36*i - 85. Let d be u(7). Let m = 33 - d. List the prime factors of m.
2, 5, 37
Suppose 0 = 7*f - 775 - 485. Suppose -13*w = -4951 + f. List the prime factors of w.
367
Suppose 4 = 4*l - 4. Suppose 2*c + f = -2, 2*c + f + l = -2*c. Suppose 4*h - 31 - 21 = c. List the prime factors of h.
13
Suppose 3*l + 9 = 0, 5*f = -2*l + 10 - 1. Suppose -k + 2*c + f*c + 668 = 0, 2562 = 4*k + 2*c. What are the prime factors of k?
643
Let x = 51 + 69. Let h = x - 117. Suppose -h*m + 891 = 8*m. What are the prime factors of m?
3
Let o = -379 - -472. Suppose 84*n - o*n = -12672. What are the prime factors of n?
2, 11
Suppose 0 = 14*d - 57*d + 334411. What are the prime factors of d?
7, 11, 101
Let g be (-6)/(-15)*(-69840)/(-24). Suppose 9*h = -3*t + 11*h + 3476, 0 = t + 2*h - g. List the prime factors of t.
2, 5, 29
Let a be 17*(4*(-1)/(-2) - 1). Suppose -a*g + 8928 = -643. List the prime factors of g.
563
Suppose -g - 1758 = -3*a - 4*g, 4*g = 2*a - 1142. Let r = 983 - a. What are the prime factors of r?
2, 3, 67
Let q(j) = -54*j**2 - 12*j - 15. Let k be q(10). List the prime factors of (0 + (-1)/1)/(27/k).
5, 41
Suppose -4*z = -5*j - 13, 2*z + 3 = -5*j + 2. Let b(n) = -15*n + 18 - 23 - z*n**2 + 10*n**2. What are the prime factors of b(-3)?
2, 7
Let m be (0 - 3)*(-9)/(54/(-68)). Suppose -u = -4*u + 4*o - 582, -5*u - o - 970 = 0. Let h = m - u. List the prime factors of h.
2, 5
Let g(j) = -94*j - 62. Let b be g(4). Let h = b - -985. List the prime factors of h.
547
Let r = 25841 - 4144. List the prime factors of r.
13, 1669
Let m(z) = 2*z**3 + 18*z**2 - z + 13. Let q(d) = 3*d**2 + 5*d - 1. Let a be q(2). Suppose -17*b + a*b = -36. List the prime factors of m(b).
2, 11
Let i(k) = 193*k**2 - 5*k + 22. What are the prime factors of i(-7)?
2, 67, 71
Suppose 11*v - 19*v + 34064 = -33616. What are the prime factors of v?
2, 3, 5, 47
Let p be ((-72)/9 + 4)*10/(-8). Suppose -5*m + 4*m = -2*w + 391, -5*m = p. List the prime factors of w.
3, 5, 13
Suppose -22*s + 285 = -221. Suppose s*l - 6*l = 13158. List the prime factors of l.
2, 3, 43
Let v(p) = -25*p**3 - 3*p**2 - 2*p + 55. What are the prime factors of v(-5)?
5, 7, 89
Let t(q) = 25*q + 70. Let r = 188 + -176. List the prime factors of t(r).
2, 5, 37
Suppose 0 = 5*u - d - 13306, -8*d = -4*u - 10*d + 10656. Suppose -u + 872 = -5*p. What are the prime factors of p?
2, 179
Suppose 39 + 1625 = -2*k. Let z = 1659 + k. What are the prime factors of z?
827
Let l = -8889 - -16000. What are the prime factors of l?
13, 547
Let t be ((-5 - -4) + 1)*(-1)/1. Suppose 0 = -4*s + 2*b - 2, -5*s + 5*b + 0 - 5 = t. Suppose -3*q - 2*q + 990 = s. What are the prime factors of q?
2, 3, 11
Let h be 1951 + (6 - 8)*(-2)/(-4). Suppose 94*s - h = 88*s. What are the prime factors of s?
5, 13
Let i = -295 + 149. Let a = i - -219. What are the prime factors of a?
73
Let b = -27951 + 53755. What are the prime factors of b?
2, 6451
List the prime factors of 4400/200 - 40301/(-1).
3, 13441
Let y(j) = -j**2 + 5*j + 10. Let o(c) = -c**3 + 4*c**2 + 3*c - 5. Let k be o(4). Let t be y(k). List the prime factors of -102*(3/6 + t/4).
3, 17
Let b(m) = -7*m - 74. Let y be -41 + (-42)/(-6) + 8. What are the prime factors of b(y)?
2, 3
Let b(s) = 3*s**3 + 185*s**2 - 16*s - 251. What are the prime factors of b(-61)?
8167
Let k be 4/(-3)*(-18)/(-3). Let z be (2705/(-20))/(2/k). Let w = -299 + z. What are the prime factors of w?
2, 11
Suppose 0 = -2*o - 3*y + 8*y + 29, -2*y - 2 = 4*o. Suppose -34 = -5*l - 2*n, -3*l - n = o*l - 32. Let k(g) = -g**2 + 20*g - 3. List the prime factors of k(l).
3
Suppose -14*z - 60 = -10*z. What are the prime factors of (-5225)/z + 2/(-6)?
2, 3, 29
Let q(b) be the second derivative of b**4/4 - 3*b**3/2 - 7*b**2/2 + 11*b. Let z be q(7). Suppose 3*y = 31 + z. What are the prime factors of y?
2, 3
Let x = -17579 + 34089. What are the prime factors of x?
2, 5, 13, 127
Suppose -886 = -24*y + 146. Suppose -y*t = 30363 - 101442. List the prime factors of t.
3, 19, 29
Let i be (-4)/(-6) - 13/(117/(-120)). Suppose -r - 3*f + 1458 = 0, -2*f + 5832 = i*r - 10*r. List the prime factors of r.
2, 3
Let q(j) = -j**3 - 9*j**2 - 8*j - 3. Let z be q(-7). Let x = z + 45. Suppose 2*v - 81 - 13 = x. What are the prime factors of v?
47
Let v(i) = 1806*i**2 + 28*i - 26. List the prime factors of v(3).
2, 2039
What are the prime factors of (-21)/(231/(-88)) - -5548?
2, 3, 463
Let f be (2 - 0)/2 - (40 + 11). Let q = 52 + f. Suppose 32 = -q*g + 6*g. List the prime factors of g.
2
Suppose -151*i = -54*i + 261870 - 1612110. What are the prime factors of i?
2, 3, 5, 29
Let r = -8891 - -12991. Suppose 0 = -6*p + 2*p + r. Suppose -5*y = -10*y + p. List the prime factors of y.
5, 41
What are the prime factors of (-304)/(-12)*(-6834)/(-68)?
2, 19, 67
Suppose 0 = 2*w - 5*w + 111. Let n = w - 42. List the prime factors of n*(3 - (-435)/(-25)).
2, 3
Suppose -3*i = 7*i + 30. Let m be (15 + i)*(-2)/(-8). Suppose -2*u - 5*k = -280, 6*k - k - 430 = -m*u. List the prime factors of u.
2, 3, 5
Let y = 43213 - 20829. What are the prime factors of y?
2, 1399
Let g be 4/(-10)*-1 + 6876/10. Suppose 7*u - g = -u. List the prime factors of u.
2, 43
Let m = 3849 + -6678. Let x = m - -4580. List the prime factor